{"id":58,"date":"2025-12-09T18:00:41","date_gmt":"2025-12-09T18:00:41","guid":{"rendered":"https:\/\/fresh.ostprint.ch\/?page_id=58"},"modified":"2025-12-09T18:00:42","modified_gmt":"2025-12-09T18:00:42","slug":"textilfolientransferdruck","status":"publish","type":"page","link":"https:\/\/fresh.ostprint.ch\/?page_id=58","title":{"rendered":"Textilfolientransferdruck"},"content":{"rendered":"\n<p>Textilfolientransferdruck ist ein flexibles Verfahren, um Kleidung und Taschen schnell und kosteng\u00fcnstig mit Motiven oder Schriftz\u00fcgen zu veredeln.<\/p>\n\n\n\n<h3 class=\"wp-block-heading\">Was ist Textilfolientransferdruck?<\/h3>\n\n\n\n<p>Beim Textilfolientransferdruck wird ein Motiv aus einer speziellen Folie geplottet, entgittert und anschlie\u00dfend mit Hitze und Druck auf das Textil \u00fcbertragen. Dieses Verfahren eignet sich besonders f\u00fcr einfache, klare Formen, Logos und Schriftz\u00fcge ohne feine Farbverl\u00e4ufe.<\/p>\n\n\n\n<h3 class=\"wp-block-heading\">Geeignete Textilien<\/h3>\n\n\n\n<p>Verwendet werden vor allem Textilien aus 100% Baumwolle, 100% Polyester oder aus Baumwoll-\/Polyester-Mischgeweben. Dadurch l\u00e4sst sich eine gro\u00dfe Bandbreite an Produkten wie T-Shirts, Sweater, Jacken, Beutel oder Taschen f\u00fcr Promotions, Vereine oder Events realisieren.<\/p>\n\n\n\n<h3 class=\"wp-block-heading\">Farben und Kontraste<\/h3>\n\n\n\n<p>Die Farbe des Textils spielt beim Folientransferdruck kaum eine Rolle, da deckende Folien verwendet werden. So k\u00f6nnen beispielsweise wei\u00dfe Schriftz\u00fcge oder Logos problemlos auf dunklen, sogar schwarzen Textilien umgesetzt werden.<\/p>\n\n\n\n<h3 class=\"wp-block-heading\">Gestalterische Grenzen<\/h3>\n\n\n\n<p>Da beim Folientransferdruck mit einfarbigen Folien gearbeitet wird, sind keine klassischen Farbverl\u00e4ufe m\u00f6glich. Ideal ist das Verfahren daher f\u00fcr Motive mit klaren Konturen, Vollfl\u00e4chen und wenigen, getrennten Farben.<\/p>\n\n\n\n<figure class=\"wp-block-gallery has-nested-images columns-default is-cropped wp-block-gallery-1 is-layout-flex wp-block-gallery-is-layout-flex\">\n<figure class=\"wp-block-image size-large\"><img loading=\"lazy\" decoding=\"async\" width=\"425\" height=\"319\" data-id=\"59\" src=\"https:\/\/fresh.ostprint.ch\/wp-content\/uploads\/2025\/12\/textilfolientransferdruck_3.jpg\" alt=\"\" class=\"wp-image-59\" srcset=\"https:\/\/fresh.ostprint.ch\/wp-content\/uploads\/2025\/12\/textilfolientransferdruck_3.jpg 425w, https:\/\/fresh.ostprint.ch\/wp-content\/uploads\/2025\/12\/textilfolientransferdruck_3-300x225.jpg 300w\" sizes=\"auto, (max-width: 425px) 100vw, 425px\" \/><\/figure>\n\n\n\n<figure class=\"wp-block-image size-large\"><img loading=\"lazy\" decoding=\"async\" width=\"239\" height=\"319\" data-id=\"60\" src=\"https:\/\/fresh.ostprint.ch\/wp-content\/uploads\/2025\/12\/textilfolientransferdruck_9.jpg\" alt=\"\" class=\"wp-image-60\" srcset=\"https:\/\/fresh.ostprint.ch\/wp-content\/uploads\/2025\/12\/textilfolientransferdruck_9.jpg 239w, https:\/\/fresh.ostprint.ch\/wp-content\/uploads\/2025\/12\/textilfolientransferdruck_9-225x300.jpg 225w\" sizes=\"auto, (max-width: 239px) 100vw, 239px\" \/><\/figure>\n\n\n\n<figure class=\"wp-block-image size-large\"><img loading=\"lazy\" decoding=\"async\" width=\"239\" height=\"319\" data-id=\"61\" src=\"https:\/\/fresh.ostprint.ch\/wp-content\/uploads\/2025\/12\/textilfolientransferdruck_7.jpg\" alt=\"\" class=\"wp-image-61\" srcset=\"https:\/\/fresh.ostprint.ch\/wp-content\/uploads\/2025\/12\/textilfolientransferdruck_7.jpg 239w, https:\/\/fresh.ostprint.ch\/wp-content\/uploads\/2025\/12\/textilfolientransferdruck_7-225x300.jpg 225w\" sizes=\"auto, (max-width: 239px) 100vw, 239px\" \/><\/figure>\n<\/figure>\n","protected":false},"excerpt":{"rendered":"<p>Textilfolientransferdruck ist ein flexibles Verfahren, um Kleidung und Taschen schnell und kosteng\u00fcnstig mit Motiven oder Schriftz\u00fcgen zu veredeln. Was ist Textilfolientransferdruck? Beim Textilfolientransferdruck wird ein Motiv aus einer speziellen Folie geplottet, entgittert und anschlie\u00dfend mit Hitze und Druck auf das Textil \u00fcbertragen. Dieses Verfahren eignet sich besonders f\u00fcr einfache, klare Formen, Logos und Schriftz\u00fcge ohne &#8230; <a title=\"Textilfolientransferdruck\" class=\"read-more\" href=\"https:\/\/fresh.ostprint.ch\/?page_id=58\" aria-label=\"Read more about Textilfolientransferdruck\">Read more<\/a><\/p>\n","protected":false},"author":1,"featured_media":0,"parent":15,"menu_order":0,"comment_status":"closed","ping_status":"closed","template":"","meta":{"footnotes":""},"class_list":["post-58","page","type-page","status-publish"],"yoast_head":"<!-- This site is optimized with the Yoast SEO plugin v26.5 - https:\/\/yoast.com\/wordpress\/plugins\/seo\/ -->\n<title>Textilfolientransferdruck - Ostprint<\/title>\n<meta name=\"robots\" content=\"noindex, follow, max-snippet:-1, max-image-preview:large, max-video-preview:-1\" \/>\n<meta property=\"og:locale\" content=\"de_DE\" \/>\n<meta property=\"og:type\" content=\"article\" \/>\n<meta property=\"og:title\" content=\"Textilfolientransferdruck - Ostprint\" \/>\n<meta property=\"og:description\" content=\"Textilfolientransferdruck ist ein flexibles Verfahren, um Kleidung und Taschen schnell und kosteng\u00fcnstig mit Motiven oder Schriftz\u00fcgen zu veredeln. Was ist Textilfolientransferdruck? Beim Textilfolientransferdruck wird ein Motiv aus einer speziellen Folie geplottet, entgittert und anschlie\u00dfend mit Hitze und Druck auf das Textil \u00fcbertragen. Dieses Verfahren eignet sich besonders f\u00fcr einfache, klare Formen, Logos und Schriftz\u00fcge ohne ... Read more\" \/>\n<meta property=\"og:url\" content=\"https:\/\/fresh.ostprint.ch\/?page_id=58\" \/>\n<meta property=\"og:site_name\" content=\"Ostprint\" \/>\n<meta property=\"article:modified_time\" content=\"2025-12-09T18:00:42+00:00\" \/>\n<meta property=\"og:image\" content=\"https:\/\/fresh.ostprint.ch\/wp-content\/uploads\/2025\/12\/textilfolientransferdruck_3.jpg\" \/>\n\t<meta property=\"og:image:width\" content=\"425\" \/>\n\t<meta property=\"og:image:height\" content=\"319\" \/>\n\t<meta property=\"og:image:type\" content=\"image\/jpeg\" \/>\n<meta name=\"twitter:card\" content=\"summary_large_image\" \/>\n<meta name=\"twitter:label1\" content=\"Gesch\u00e4tzte Lesezeit\" \/>\n\t<meta name=\"twitter:data1\" content=\"2\u00a0Minuten\" \/>\n<script type=\"application\/ld+json\" class=\"yoast-schema-graph\">{\"@context\":\"https:\/\/schema.org\",\"@graph\":[{\"@type\":\"WebPage\",\"@id\":\"https:\/\/fresh.ostprint.ch\/?page_id=58\",\"url\":\"https:\/\/fresh.ostprint.ch\/?page_id=58\",\"name\":\"Textilfolientransferdruck - Ostprint\",\"isPartOf\":{\"@id\":\"https:\/\/fresh.ostprint.ch\/#website\"},\"primaryImageOfPage\":{\"@id\":\"https:\/\/fresh.ostprint.ch\/?page_id=58#primaryimage\"},\"image\":{\"@id\":\"https:\/\/fresh.ostprint.ch\/?page_id=58#primaryimage\"},\"thumbnailUrl\":\"https:\/\/fresh.ostprint.ch\/wp-content\/uploads\/2025\/12\/textilfolientransferdruck_3.jpg\",\"datePublished\":\"2025-12-09T18:00:41+00:00\",\"dateModified\":\"2025-12-09T18:00:42+00:00\",\"breadcrumb\":{\"@id\":\"https:\/\/fresh.ostprint.ch\/?page_id=58#breadcrumb\"},\"inLanguage\":\"de-CH\",\"potentialAction\":[{\"@type\":\"ReadAction\",\"target\":[\"https:\/\/fresh.ostprint.ch\/?page_id=58\"]}]},{\"@type\":\"ImageObject\",\"inLanguage\":\"de-CH\",\"@id\":\"https:\/\/fresh.ostprint.ch\/?page_id=58#primaryimage\",\"url\":\"https:\/\/fresh.ostprint.ch\/wp-content\/uploads\/2025\/12\/textilfolientransferdruck_3.jpg\",\"contentUrl\":\"https:\/\/fresh.ostprint.ch\/wp-content\/uploads\/2025\/12\/textilfolientransferdruck_3.jpg\",\"width\":425,\"height\":319},{\"@type\":\"BreadcrumbList\",\"@id\":\"https:\/\/fresh.ostprint.ch\/?page_id=58#breadcrumb\",\"itemListElement\":[{\"@type\":\"ListItem\",\"position\":1,\"name\":\"Startseite\",\"item\":\"https:\/\/fresh.ostprint.ch\/\"},{\"@type\":\"ListItem\",\"position\":2,\"name\":\"Textilveredelung\",\"item\":\"https:\/\/fresh.ostprint.ch\/?page_id=15\"},{\"@type\":\"ListItem\",\"position\":3,\"name\":\"Textilfolientransferdruck\"}]},{\"@type\":\"WebSite\",\"@id\":\"https:\/\/fresh.ostprint.ch\/#website\",\"url\":\"https:\/\/fresh.ostprint.ch\/\",\"name\":\"Ostprint\",\"description\":\"\",\"potentialAction\":[{\"@type\":\"SearchAction\",\"target\":{\"@type\":\"EntryPoint\",\"urlTemplate\":\"https:\/\/fresh.ostprint.ch\/?s={search_term_string}\"},\"query-input\":{\"@type\":\"PropertyValueSpecification\",\"valueRequired\":true,\"valueName\":\"search_term_string\"}}],\"inLanguage\":\"de-CH\"}]}<\/script>\n<!-- \/ Yoast SEO plugin. -->","yoast_head_json":{"title":"Textilfolientransferdruck - Ostprint","robots":{"index":"noindex","follow":"follow","max-snippet":"max-snippet:-1","max-image-preview":"max-image-preview:large","max-video-preview":"max-video-preview:-1"},"og_locale":"de_DE","og_type":"article","og_title":"Textilfolientransferdruck - Ostprint","og_description":"Textilfolientransferdruck ist ein flexibles Verfahren, um Kleidung und Taschen schnell und kosteng\u00fcnstig mit Motiven oder Schriftz\u00fcgen zu veredeln. Was ist Textilfolientransferdruck? Beim Textilfolientransferdruck wird ein Motiv aus einer speziellen Folie geplottet, entgittert und anschlie\u00dfend mit Hitze und Druck auf das Textil \u00fcbertragen. Dieses Verfahren eignet sich besonders f\u00fcr einfache, klare Formen, Logos und Schriftz\u00fcge ohne ... Read more","og_url":"https:\/\/fresh.ostprint.ch\/?page_id=58","og_site_name":"Ostprint","article_modified_time":"2025-12-09T18:00:42+00:00","og_image":[{"width":425,"height":319,"url":"https:\/\/fresh.ostprint.ch\/wp-content\/uploads\/2025\/12\/textilfolientransferdruck_3.jpg","type":"image\/jpeg"}],"twitter_card":"summary_large_image","twitter_misc":{"Gesch\u00e4tzte Lesezeit":"2\u00a0Minuten"},"schema":{"@context":"https:\/\/schema.org","@graph":[{"@type":"WebPage","@id":"https:\/\/fresh.ostprint.ch\/?page_id=58","url":"https:\/\/fresh.ostprint.ch\/?page_id=58","name":"Textilfolientransferdruck - Ostprint","isPartOf":{"@id":"https:\/\/fresh.ostprint.ch\/#website"},"primaryImageOfPage":{"@id":"https:\/\/fresh.ostprint.ch\/?page_id=58#primaryimage"},"image":{"@id":"https:\/\/fresh.ostprint.ch\/?page_id=58#primaryimage"},"thumbnailUrl":"https:\/\/fresh.ostprint.ch\/wp-content\/uploads\/2025\/12\/textilfolientransferdruck_3.jpg","datePublished":"2025-12-09T18:00:41+00:00","dateModified":"2025-12-09T18:00:42+00:00","breadcrumb":{"@id":"https:\/\/fresh.ostprint.ch\/?page_id=58#breadcrumb"},"inLanguage":"de-CH","potentialAction":[{"@type":"ReadAction","target":["https:\/\/fresh.ostprint.ch\/?page_id=58"]}]},{"@type":"ImageObject","inLanguage":"de-CH","@id":"https:\/\/fresh.ostprint.ch\/?page_id=58#primaryimage","url":"https:\/\/fresh.ostprint.ch\/wp-content\/uploads\/2025\/12\/textilfolientransferdruck_3.jpg","contentUrl":"https:\/\/fresh.ostprint.ch\/wp-content\/uploads\/2025\/12\/textilfolientransferdruck_3.jpg","width":425,"height":319},{"@type":"BreadcrumbList","@id":"https:\/\/fresh.ostprint.ch\/?page_id=58#breadcrumb","itemListElement":[{"@type":"ListItem","position":1,"name":"Startseite","item":"https:\/\/fresh.ostprint.ch\/"},{"@type":"ListItem","position":2,"name":"Textilveredelung","item":"https:\/\/fresh.ostprint.ch\/?page_id=15"},{"@type":"ListItem","position":3,"name":"Textilfolientransferdruck"}]},{"@type":"WebSite","@id":"https:\/\/fresh.ostprint.ch\/#website","url":"https:\/\/fresh.ostprint.ch\/","name":"Ostprint","description":"","potentialAction":[{"@type":"SearchAction","target":{"@type":"EntryPoint","urlTemplate":"https:\/\/fresh.ostprint.ch\/?s={search_term_string}"},"query-input":{"@type":"PropertyValueSpecification","valueRequired":true,"valueName":"search_term_string"}}],"inLanguage":"de-CH"}]}},"_links":{"self":[{"href":"https:\/\/fresh.ostprint.ch\/index.php?rest_route=\/wp\/v2\/pages\/58","targetHints":{"allow":["GET"]}}],"collection":[{"href":"https:\/\/fresh.ostprint.ch\/index.php?rest_route=\/wp\/v2\/pages"}],"about":[{"href":"https:\/\/fresh.ostprint.ch\/index.php?rest_route=\/wp\/v2\/types\/page"}],"author":[{"embeddable":true,"href":"https:\/\/fresh.ostprint.ch\/index.php?rest_route=\/wp\/v2\/users\/1"}],"replies":[{"embeddable":true,"href":"https:\/\/fresh.ostprint.ch\/index.php?rest_route=%2Fwp%2Fv2%2Fcomments&post=58"}],"version-history":[{"count":1,"href":"https:\/\/fresh.ostprint.ch\/index.php?rest_route=\/wp\/v2\/pages\/58\/revisions"}],"predecessor-version":[{"id":62,"href":"https:\/\/fresh.ostprint.ch\/index.php?rest_route=\/wp\/v2\/pages\/58\/revisions\/62"}],"up":[{"embeddable":true,"href":"https:\/\/fresh.ostprint.ch\/index.php?rest_route=\/wp\/v2\/pages\/15"}],"wp:attachment":[{"href":"https:\/\/fresh.ostprint.ch\/index.php?rest_route=%2Fwp%2Fv2%2Fmedia&parent=58"}],"curies":[{"name":"wp","href":"https:\/\/api.w.org\/{rel}","templated":true}]}}