{"id":55,"date":"2025-12-09T17:54:39","date_gmt":"2025-12-09T17:54:39","guid":{"rendered":"https:\/\/fresh.ostprint.ch\/?page_id=55"},"modified":"2025-12-09T17:54:50","modified_gmt":"2025-12-09T17:54:50","slug":"roll-up","status":"publish","type":"page","link":"https:\/\/fresh.ostprint.ch\/?page_id=55","title":{"rendered":"Roll Up"},"content":{"rendered":"\n<p>Roll Up Banner sind mobile Werbemittel, die besonders in Innenr\u00e4umen und bei Veranstaltungen f\u00fcr eine professionelle und gut sichtbare Pr\u00e4sentation sorgen.<\/p>\n\n\n\n<h3 class=\"wp-block-heading\">Was ist ein Roll Up?<\/h3>\n\n\n\n<p>Ein Roll Up ist ein Bannerdisplay, bei dem die bedruckte Grafik in einem Aluminiumgeh\u00e4use aufgerollt ist und f\u00fcr den Einsatz einfach herausgezogen und mit einer Stange befestigt wird. Es wird vor allem in Eingangsbereichen, Showrooms, Verkaufsfl\u00e4chen, auf Messen, Events und Pr\u00e4sentationen eingesetzt.<\/p>\n\n\n\n<h3 class=\"wp-block-heading\">Einsatz und Vorteile<\/h3>\n\n\n\n<p>Mit einem Roll Up Banner l\u00e4sst sich im Innen- und gesch\u00fctzten Au\u00dfenbereich schnell und wirkungsvoll Aufmerksamkeit erzeugen, etwa im Empfangsbereich, an Messest\u00e4nden oder bei Promotionaktionen. Zu den gr\u00f6\u00dften Vorteilen z\u00e4hlen der einfache Transport, die platzsparende Lagerung und der schnelle, werkzeuglose Aufbau durch eine einzelne Person.<\/p>\n\n\n\n<h3 class=\"wp-block-heading\">Konstruktion und Materialien<\/h3>\n\n\n\n<p>Die Grafik besteht in der Regel aus einem stabilen, bedruckten Banner-Material, das in einer Kassette mit Federmechanik aufgerollt wird. Das System umfasst meist ein Aluminiumgeh\u00e4use, eine Steck- oder Teleskopstange sowie eine Standfu\u00dfkonstruktion, die f\u00fcr sichere Stabilit\u00e4t sorgt.<\/p>\n\n\n\n<h3 class=\"wp-block-heading\">Gestaltung und Austauschbarkeit<\/h3>\n\n\n\n<p>Roll Ups bieten eine hohe Werbefl\u00e4che auf kleinem Stellplatz und eignen sich ideal f\u00fcr Logos, Markenbotschaften und Key Visuals. Je nach System kann die Grafik ausgetauscht werden, sodass das Roll Up f\u00fcr unterschiedliche Kampagnen und Einsatzzwecke wiederverwendet werden kann.<\/p>\n\n\n\n<figure class=\"wp-block-gallery has-nested-images columns-default is-cropped wp-block-gallery-1 is-layout-flex wp-block-gallery-is-layout-flex\"><div class=\"wp-block-image\">\n<figure class=\"aligncenter size-large\"><img loading=\"lazy\" decoding=\"async\" width=\"200\" height=\"300\" data-id=\"56\" src=\"https:\/\/fresh.ostprint.ch\/wp-content\/uploads\/2025\/12\/roll_up_1.jpg\" alt=\"\" class=\"wp-image-56\"\/><\/figure>\n<\/div><\/figure>\n","protected":false},"excerpt":{"rendered":"<p>Roll Up Banner sind mobile Werbemittel, die besonders in Innenr\u00e4umen und bei Veranstaltungen f\u00fcr eine professionelle und gut sichtbare Pr\u00e4sentation sorgen. Was ist ein Roll Up? Ein Roll Up ist ein Bannerdisplay, bei dem die bedruckte Grafik in einem Aluminiumgeh\u00e4use aufgerollt ist und f\u00fcr den Einsatz einfach herausgezogen und mit einer Stange befestigt wird. Es &#8230; <a title=\"Roll Up\" class=\"read-more\" href=\"https:\/\/fresh.ostprint.ch\/?page_id=55\" aria-label=\"Read more about Roll Up\">Read more<\/a><\/p>\n","protected":false},"author":1,"featured_media":0,"parent":13,"menu_order":0,"comment_status":"closed","ping_status":"closed","template":"","meta":{"footnotes":""},"class_list":["post-55","page","type-page","status-publish"],"yoast_head":"<!-- This site is optimized with the Yoast SEO plugin v26.5 - https:\/\/yoast.com\/wordpress\/plugins\/seo\/ -->\n<title>Roll Up - Ostprint<\/title>\n<meta name=\"robots\" content=\"noindex, follow, max-snippet:-1, max-image-preview:large, max-video-preview:-1\" \/>\n<meta property=\"og:locale\" content=\"de_DE\" \/>\n<meta property=\"og:type\" content=\"article\" \/>\n<meta property=\"og:title\" content=\"Roll Up - Ostprint\" \/>\n<meta property=\"og:description\" content=\"Roll Up Banner sind mobile Werbemittel, die besonders in Innenr\u00e4umen und bei Veranstaltungen f\u00fcr eine professionelle und gut sichtbare Pr\u00e4sentation sorgen. Was ist ein Roll Up? Ein Roll Up ist ein Bannerdisplay, bei dem die bedruckte Grafik in einem Aluminiumgeh\u00e4use aufgerollt ist und f\u00fcr den Einsatz einfach herausgezogen und mit einer Stange befestigt wird. Es ... Read more\" \/>\n<meta property=\"og:url\" content=\"https:\/\/fresh.ostprint.ch\/?page_id=55\" \/>\n<meta property=\"og:site_name\" content=\"Ostprint\" \/>\n<meta property=\"article:modified_time\" content=\"2025-12-09T17:54:50+00:00\" \/>\n<meta property=\"og:image\" content=\"https:\/\/fresh.ostprint.ch\/wp-content\/uploads\/2025\/12\/roll_up_1.jpg\" \/>\n\t<meta property=\"og:image:width\" content=\"200\" \/>\n\t<meta property=\"og:image:height\" content=\"300\" \/>\n\t<meta property=\"og:image:type\" content=\"image\/jpeg\" \/>\n<meta name=\"twitter:card\" content=\"summary_large_image\" \/>\n<meta name=\"twitter:label1\" content=\"Gesch\u00e4tzte Lesezeit\" \/>\n\t<meta name=\"twitter:data1\" content=\"2\u00a0Minuten\" \/>\n<script type=\"application\/ld+json\" class=\"yoast-schema-graph\">{\"@context\":\"https:\/\/schema.org\",\"@graph\":[{\"@type\":\"WebPage\",\"@id\":\"https:\/\/fresh.ostprint.ch\/?page_id=55\",\"url\":\"https:\/\/fresh.ostprint.ch\/?page_id=55\",\"name\":\"Roll Up - Ostprint\",\"isPartOf\":{\"@id\":\"https:\/\/fresh.ostprint.ch\/#website\"},\"primaryImageOfPage\":{\"@id\":\"https:\/\/fresh.ostprint.ch\/?page_id=55#primaryimage\"},\"image\":{\"@id\":\"https:\/\/fresh.ostprint.ch\/?page_id=55#primaryimage\"},\"thumbnailUrl\":\"https:\/\/fresh.ostprint.ch\/wp-content\/uploads\/2025\/12\/roll_up_1.jpg\",\"datePublished\":\"2025-12-09T17:54:39+00:00\",\"dateModified\":\"2025-12-09T17:54:50+00:00\",\"breadcrumb\":{\"@id\":\"https:\/\/fresh.ostprint.ch\/?page_id=55#breadcrumb\"},\"inLanguage\":\"de-CH\",\"potentialAction\":[{\"@type\":\"ReadAction\",\"target\":[\"https:\/\/fresh.ostprint.ch\/?page_id=55\"]}]},{\"@type\":\"ImageObject\",\"inLanguage\":\"de-CH\",\"@id\":\"https:\/\/fresh.ostprint.ch\/?page_id=55#primaryimage\",\"url\":\"https:\/\/fresh.ostprint.ch\/wp-content\/uploads\/2025\/12\/roll_up_1.jpg\",\"contentUrl\":\"https:\/\/fresh.ostprint.ch\/wp-content\/uploads\/2025\/12\/roll_up_1.jpg\",\"width\":200,\"height\":300},{\"@type\":\"BreadcrumbList\",\"@id\":\"https:\/\/fresh.ostprint.ch\/?page_id=55#breadcrumb\",\"itemListElement\":[{\"@type\":\"ListItem\",\"position\":1,\"name\":\"Startseite\",\"item\":\"https:\/\/fresh.ostprint.ch\/\"},{\"@type\":\"ListItem\",\"position\":2,\"name\":\"Werbemittel\",\"item\":\"https:\/\/fresh.ostprint.ch\/?page_id=13\"},{\"@type\":\"ListItem\",\"position\":3,\"name\":\"Roll Up\"}]},{\"@type\":\"WebSite\",\"@id\":\"https:\/\/fresh.ostprint.ch\/#website\",\"url\":\"https:\/\/fresh.ostprint.ch\/\",\"name\":\"Ostprint\",\"description\":\"\",\"potentialAction\":[{\"@type\":\"SearchAction\",\"target\":{\"@type\":\"EntryPoint\",\"urlTemplate\":\"https:\/\/fresh.ostprint.ch\/?s={search_term_string}\"},\"query-input\":{\"@type\":\"PropertyValueSpecification\",\"valueRequired\":true,\"valueName\":\"search_term_string\"}}],\"inLanguage\":\"de-CH\"}]}<\/script>\n<!-- \/ Yoast SEO plugin. -->","yoast_head_json":{"title":"Roll Up - Ostprint","robots":{"index":"noindex","follow":"follow","max-snippet":"max-snippet:-1","max-image-preview":"max-image-preview:large","max-video-preview":"max-video-preview:-1"},"og_locale":"de_DE","og_type":"article","og_title":"Roll Up - Ostprint","og_description":"Roll Up Banner sind mobile Werbemittel, die besonders in Innenr\u00e4umen und bei Veranstaltungen f\u00fcr eine professionelle und gut sichtbare Pr\u00e4sentation sorgen. Was ist ein Roll Up? Ein Roll Up ist ein Bannerdisplay, bei dem die bedruckte Grafik in einem Aluminiumgeh\u00e4use aufgerollt ist und f\u00fcr den Einsatz einfach herausgezogen und mit einer Stange befestigt wird. Es ... Read more","og_url":"https:\/\/fresh.ostprint.ch\/?page_id=55","og_site_name":"Ostprint","article_modified_time":"2025-12-09T17:54:50+00:00","og_image":[{"width":200,"height":300,"url":"https:\/\/fresh.ostprint.ch\/wp-content\/uploads\/2025\/12\/roll_up_1.jpg","type":"image\/jpeg"}],"twitter_card":"summary_large_image","twitter_misc":{"Gesch\u00e4tzte Lesezeit":"2\u00a0Minuten"},"schema":{"@context":"https:\/\/schema.org","@graph":[{"@type":"WebPage","@id":"https:\/\/fresh.ostprint.ch\/?page_id=55","url":"https:\/\/fresh.ostprint.ch\/?page_id=55","name":"Roll Up - Ostprint","isPartOf":{"@id":"https:\/\/fresh.ostprint.ch\/#website"},"primaryImageOfPage":{"@id":"https:\/\/fresh.ostprint.ch\/?page_id=55#primaryimage"},"image":{"@id":"https:\/\/fresh.ostprint.ch\/?page_id=55#primaryimage"},"thumbnailUrl":"https:\/\/fresh.ostprint.ch\/wp-content\/uploads\/2025\/12\/roll_up_1.jpg","datePublished":"2025-12-09T17:54:39+00:00","dateModified":"2025-12-09T17:54:50+00:00","breadcrumb":{"@id":"https:\/\/fresh.ostprint.ch\/?page_id=55#breadcrumb"},"inLanguage":"de-CH","potentialAction":[{"@type":"ReadAction","target":["https:\/\/fresh.ostprint.ch\/?page_id=55"]}]},{"@type":"ImageObject","inLanguage":"de-CH","@id":"https:\/\/fresh.ostprint.ch\/?page_id=55#primaryimage","url":"https:\/\/fresh.ostprint.ch\/wp-content\/uploads\/2025\/12\/roll_up_1.jpg","contentUrl":"https:\/\/fresh.ostprint.ch\/wp-content\/uploads\/2025\/12\/roll_up_1.jpg","width":200,"height":300},{"@type":"BreadcrumbList","@id":"https:\/\/fresh.ostprint.ch\/?page_id=55#breadcrumb","itemListElement":[{"@type":"ListItem","position":1,"name":"Startseite","item":"https:\/\/fresh.ostprint.ch\/"},{"@type":"ListItem","position":2,"name":"Werbemittel","item":"https:\/\/fresh.ostprint.ch\/?page_id=13"},{"@type":"ListItem","position":3,"name":"Roll Up"}]},{"@type":"WebSite","@id":"https:\/\/fresh.ostprint.ch\/#website","url":"https:\/\/fresh.ostprint.ch\/","name":"Ostprint","description":"","potentialAction":[{"@type":"SearchAction","target":{"@type":"EntryPoint","urlTemplate":"https:\/\/fresh.ostprint.ch\/?s={search_term_string}"},"query-input":{"@type":"PropertyValueSpecification","valueRequired":true,"valueName":"search_term_string"}}],"inLanguage":"de-CH"}]}},"_links":{"self":[{"href":"https:\/\/fresh.ostprint.ch\/index.php?rest_route=\/wp\/v2\/pages\/55","targetHints":{"allow":["GET"]}}],"collection":[{"href":"https:\/\/fresh.ostprint.ch\/index.php?rest_route=\/wp\/v2\/pages"}],"about":[{"href":"https:\/\/fresh.ostprint.ch\/index.php?rest_route=\/wp\/v2\/types\/page"}],"author":[{"embeddable":true,"href":"https:\/\/fresh.ostprint.ch\/index.php?rest_route=\/wp\/v2\/users\/1"}],"replies":[{"embeddable":true,"href":"https:\/\/fresh.ostprint.ch\/index.php?rest_route=%2Fwp%2Fv2%2Fcomments&post=55"}],"version-history":[{"count":1,"href":"https:\/\/fresh.ostprint.ch\/index.php?rest_route=\/wp\/v2\/pages\/55\/revisions"}],"predecessor-version":[{"id":57,"href":"https:\/\/fresh.ostprint.ch\/index.php?rest_route=\/wp\/v2\/pages\/55\/revisions\/57"}],"up":[{"embeddable":true,"href":"https:\/\/fresh.ostprint.ch\/index.php?rest_route=\/wp\/v2\/pages\/13"}],"wp:attachment":[{"href":"https:\/\/fresh.ostprint.ch\/index.php?rest_route=%2Fwp%2Fv2%2Fmedia&parent=55"}],"curies":[{"name":"wp","href":"https:\/\/api.w.org\/{rel}","templated":true}]}}